{"id":12,"date":"2019-12-13T02:26:47","date_gmt":"2019-12-13T02:26:47","guid":{"rendered":"https:\/\/demosoledad.pencidesign.net\/soledad-dental-clinic-multipurpose\/?page_id=12"},"modified":"2022-06-17T08:20:52","modified_gmt":"2022-06-17T08:20:52","slug":"contact","status":"publish","type":"page","link":"https:\/\/renovacion-carnet-conducir.globberyn.es\/?page_id=12","title":{"rendered":"Contacto"},"content":{"rendered":"\t\t<div data-elementor-type=\"wp-page\" data-elementor-id=\"12\" class=\"elementor elementor-12\">\n\t\t\t\t\t\t\t\t\t<section class=\"penci-section penci-disSticky penci-structure-10 elementor-section elementor-top-section elementor-element elementor-element-53ba36c elementor-section-boxed elementor-section-height-default elementor-section-height-default\" data-id=\"53ba36c\" data-element_type=\"section\" data-settings=\"{&quot;background_background&quot;:&quot;classic&quot;}\">\n\t\t\t\t\t\t<div class=\"elementor-container elementor-column-gap-extended\">\n\t\t\t\t\t<div class=\"penci-ercol-100 penci-ercol-order-1 penci-sticky-ct  elementor-column elementor-col-100 elementor-top-column elementor-element elementor-element-d6d3dc9\" data-id=\"d6d3dc9\" data-element_type=\"column\">\n\t\t\t<div class=\"elementor-widget-wrap elementor-element-populated\">\n\t\t\t\t\t\t\t\t<div class=\"elementor-element elementor-element-2483774 elementor-widget elementor-widget-penci-fancy_heading\" data-id=\"2483774\" data-element_type=\"widget\" data-widget_type=\"penci-fancy_heading.default\">\n\t\t\t\t<div class=\"elementor-widget-container\">\n\t\t\t\t\t<div class=\"penci-fancy-heading penci-heading-text-left\">\r\n\t\t\t<div class=\"penci-fancy-heading-inner\">\r\n\t\t\t\t<h2 class=\"penci-heading-title\">Contacto<\/h2>\t\t\t<\/div>\r\n\t\t<\/div>\r\n\t\t\t\t<\/div>\n\t\t\t\t<\/div>\n\t\t\t\t\t<\/div>\n\t\t<\/div>\n\t\t\t\t\t\t\t<\/div>\n\t\t<\/section>\n\t\t\t\t<section class=\"penci-section penci-disSticky penci-structure-20 elementor-section elementor-top-section elementor-element elementor-element-de5cafe elementor-section-full_width elementor-section-content-middle elementor-section-height-default elementor-section-height-default\" data-id=\"de5cafe\" data-element_type=\"section\">\n\t\t\t\t\t\t<div class=\"elementor-container elementor-column-gap-no\">\n\t\t\t\t\t<div class=\"penci-ercol-50 penci-ercol-order-1 penci-sticky-ct  elementor-column elementor-col-50 elementor-top-column elementor-element elementor-element-83f557b\" data-id=\"83f557b\" data-element_type=\"column\" data-settings=\"{&quot;background_background&quot;:&quot;classic&quot;}\">\n\t\t\t<div class=\"elementor-widget-wrap elementor-element-populated\">\n\t\t\t\t\t\t\t\t<div class=\"elementor-element elementor-element-fb1e2b9 elementor-widget elementor-widget-image\" data-id=\"fb1e2b9\" data-element_type=\"widget\" data-widget_type=\"image.default\">\n\t\t\t\t<div class=\"elementor-widget-container\">\n\t\t\t<style>\/*! elementor - v3.7.7 - 20-09-2022 *\/\n.elementor-widget-image{text-align:center}.elementor-widget-image a{display:inline-block}.elementor-widget-image a img[src$=\".svg\"]{width:48px}.elementor-widget-image img{vertical-align:middle;display:inline-block}<\/style>\t\t\t\t\t\t\t\t\t\t\t\t<img decoding=\"async\" width=\"1024\" height=\"1024\" src=\"https:\/\/renovacion-carnet-conducir.globberyn.es\/wp-content\/uploads\/2019\/12\/15-1024x1024.jpg\" class=\"attachment-large size-large\" alt=\"\" srcset=\"https:\/\/renovacion-carnet-conducir.globberyn.es\/wp-content\/uploads\/2019\/12\/15-1024x1024.jpg 1024w, https:\/\/renovacion-carnet-conducir.globberyn.es\/wp-content\/uploads\/2019\/12\/15-300x300.jpg 300w, https:\/\/renovacion-carnet-conducir.globberyn.es\/wp-content\/uploads\/2019\/12\/15-150x150.jpg 150w, https:\/\/renovacion-carnet-conducir.globberyn.es\/wp-content\/uploads\/2019\/12\/15-768x768.jpg 768w, https:\/\/renovacion-carnet-conducir.globberyn.es\/wp-content\/uploads\/2019\/12\/15-1170x1170.jpg 1170w, https:\/\/renovacion-carnet-conducir.globberyn.es\/wp-content\/uploads\/2019\/12\/15-585x585.jpg 585w, https:\/\/renovacion-carnet-conducir.globberyn.es\/wp-content\/uploads\/2019\/12\/15.jpg 1500w\" sizes=\"(max-width: 1024px) 100vw, 1024px\" \/>\t\t\t\t\t\t\t\t\t\t\t\t\t\t\t<\/div>\n\t\t\t\t<\/div>\n\t\t\t\t\t<\/div>\n\t\t<\/div>\n\t\t\t\t<div class=\"penci-ercol-50 penci-ercol-order-2 penci-sticky-ct  elementor-column elementor-col-50 elementor-top-column elementor-element elementor-element-a1a7ed0\" data-id=\"a1a7ed0\" data-element_type=\"column\">\n\t\t\t<div class=\"elementor-widget-wrap elementor-element-populated\">\n\t\t\t\t\t\t\t\t<div class=\"elementor-element elementor-element-81dfbc9 elementor-widget elementor-widget-penci-fancy_heading\" data-id=\"81dfbc9\" data-element_type=\"widget\" data-widget_type=\"penci-fancy_heading.default\">\n\t\t\t\t<div class=\"elementor-widget-container\">\n\t\t\t\t\t<div class=\"penci-fancy-heading penci-heading-text-left\">\r\n\t\t\t<div class=\"penci-fancy-heading-inner\">\r\n\t\t\t\t<h2 class=\"penci-heading-title\">Env\u00edanos un mensaje<\/h2>\t\t\t<\/div>\r\n\t\t<\/div>\r\n\t\t\t\t<\/div>\n\t\t\t\t<\/div>\n\t\t\t\t<div class=\"elementor-element elementor-element-a539ddc elementor-widget elementor-widget-shortcode\" data-id=\"a539ddc\" data-element_type=\"widget\" data-widget_type=\"shortcode.default\">\n\t\t\t\t<div class=\"elementor-widget-container\">\n\t\t\t\t\t<div class=\"elementor-shortcode\"><div role=\"form\" class=\"wpcf7\" id=\"wpcf7-f296-o1\" lang=\"en-US\" dir=\"ltr\">\n<div class=\"screen-reader-response\"><p role=\"status\" aria-live=\"polite\" aria-atomic=\"true\"><\/p> <ul><\/ul><\/div>\n<form action=\"\/index.php?rest_route=%2Fwp%2Fv2%2Fpages%2F12#wpcf7-f296-o1\" method=\"post\" class=\"wpcf7-form init\" novalidate=\"novalidate\" data-status=\"init\">\n<div style=\"display: none;\">\n<input type=\"hidden\" name=\"_wpcf7\" value=\"296\" \/>\n<input type=\"hidden\" name=\"_wpcf7_version\" value=\"5.6.3\" \/>\n<input type=\"hidden\" name=\"_wpcf7_locale\" value=\"en_US\" \/>\n<input type=\"hidden\" name=\"_wpcf7_unit_tag\" value=\"wpcf7-f296-o1\" \/>\n<input type=\"hidden\" name=\"_wpcf7_container_post\" value=\"0\" \/>\n<input type=\"hidden\" name=\"_wpcf7_posted_data_hash\" value=\"\" \/>\n<\/div>\n<p class=\"name\"><span class=\"wpcf7-form-control-wrap\" data-name=\"your-name\"><input type=\"text\" name=\"your-name\" value=\"\" size=\"40\" class=\"wpcf7-form-control wpcf7-text wpcf7-validates-as-required\" aria-required=\"true\" aria-invalid=\"false\" placeholder=\"Nombre*\" \/><\/span><\/p>\n<p class=\"email\"><span class=\"wpcf7-form-control-wrap\" data-name=\"your-email\"><input type=\"email\" name=\"your-email\" value=\"\" size=\"40\" class=\"wpcf7-form-control wpcf7-text wpcf7-email wpcf7-validates-as-required wpcf7-validates-as-email\" aria-required=\"true\" aria-invalid=\"false\" placeholder=\"Email*\" \/><\/span><\/p>\n<p class=\"subject\"><span class=\"wpcf7-form-control-wrap\" data-name=\"your-subject\"><input type=\"text\" name=\"your-subject\" value=\"\" size=\"40\" class=\"wpcf7-form-control wpcf7-text\" aria-invalid=\"false\" placeholder=\"Asunto\" \/><\/span><\/p>\n<p class=\"message\"><span class=\"wpcf7-form-control-wrap\" data-name=\"your-message\"><textarea name=\"your-message\" cols=\"40\" rows=\"10\" class=\"wpcf7-form-control wpcf7-textarea wpcf7-validates-as-required\" aria-required=\"true\" aria-invalid=\"false\" placeholder=\"Mensaje\"><\/textarea><\/span><\/p>\n<p class=\"submit\"><input type=\"submit\" value=\"Enviar\" class=\"wpcf7-form-control has-spinner wpcf7-submit\" \/><\/p>\n<div class=\"wpcf7-response-output\" aria-hidden=\"true\"><\/div><\/form><\/div><\/div>\n\t\t\t\t<\/div>\n\t\t\t\t<\/div>\n\t\t\t\t<div class=\"elementor-element elementor-element-de19bc8 elementor-widget elementor-widget-penci-fancy_heading\" data-id=\"de19bc8\" data-element_type=\"widget\" data-widget_type=\"penci-fancy_heading.default\">\n\t\t\t\t<div class=\"elementor-widget-container\">\n\t\t\t\t\t<div class=\"penci-fancy-heading penci-heading-text-left\">\r\n\t\t\t<div class=\"penci-fancy-heading-inner\">\r\n\t\t\t\t<div class=\"penci-heading-content entry-content\"><p>Direcci\u00f3n:  Calle General San Martin, 7 Bajo. 46004 (Valencia)<\/p>\n<p>Tel\u00e9fonos: 96 322 05 81 \u2013 697 417 657<\/p>\n<p>Email:  globberyn@globberyn.es<\/p>\n<\/div>\t\t\t<\/div>\r\n\t\t<\/div>\r\n\t\t\t\t<\/div>\n\t\t\t\t<\/div>\n\t\t\t\t\t<\/div>\n\t\t<\/div>\n\t\t\t\t\t\t\t<\/div>\n\t\t<\/section>\n\t\t\t\t<section class=\"penci-section penci-disSticky penci-structure-10 elementor-section elementor-top-section elementor-element elementor-element-9d04ac3 elementor-section-full_width elementor-section-height-default elementor-section-height-default\" data-id=\"9d04ac3\" data-element_type=\"section\">\n\t\t\t\t\t\t<div class=\"elementor-container elementor-column-gap-no\">\n\t\t\t\t\t<div class=\"penci-ercol-100 penci-ercol-order-1 penci-sticky-ct  elementor-column elementor-col-100 elementor-top-column elementor-element elementor-element-3011a1e\" data-id=\"3011a1e\" data-element_type=\"column\">\n\t\t\t<div class=\"elementor-widget-wrap elementor-element-populated\">\n\t\t\t\t\t\t\t\t<div class=\"elementor-element elementor-element-ec044bd elementor-widget elementor-widget-google_maps\" data-id=\"ec044bd\" data-element_type=\"widget\" data-widget_type=\"google_maps.default\">\n\t\t\t\t<div class=\"elementor-widget-container\">\n\t\t\t<style>\/*! elementor - v3.7.7 - 20-09-2022 *\/\n.elementor-widget-google_maps .elementor-widget-container{overflow:hidden}.elementor-widget-google_maps iframe{height:300px}<\/style>\t\t<div class=\"elementor-custom-embed\">\n\t\t\t<iframe frameborder=\"0\" scrolling=\"no\" marginheight=\"0\" marginwidth=\"0\"\n\t\t\t\t\tsrc=\"https:\/\/maps.google.com\/maps?q=globberyn&#038;t=m&#038;z=15&#038;output=embed&#038;iwloc=near\"\n\t\t\t\t\ttitle=\"globberyn\"\n\t\t\t\t\taria-label=\"globberyn\"\n\t\t\t><\/iframe>\n\t\t<\/div>\n\t\t\t\t<\/div>\n\t\t\t\t<\/div>\n\t\t\t\t\t<\/div>\n\t\t<\/div>\n\t\t\t\t\t\t\t<\/div>\n\t\t<\/section>\n\t\t\t\t\t\t\t<\/div>\n\t\t","protected":false},"excerpt":{"rendered":"<p>Contacto Env\u00edanos un mensaje Direcci\u00f3n: Calle General San Martin, 7 Bajo. 46004 (Valencia) Tel\u00e9fonos: 96 322 05 81 \u2013 697 417 657 Email: globberyn@globberyn.es<\/p>\n","protected":false},"author":1,"featured_media":0,"parent":0,"menu_order":0,"comment_status":"closed","ping_status":"closed","template":"page-fullwidth.php","meta":{"footnotes":""},"class_list":["post-12","page","type-page","status-publish","hentry"],"yoast_head":"<!-- This site is optimized with the Yoast SEO plugin v19.7.1 - https:\/\/yoast.com\/wordpress\/plugins\/seo\/ -->\n<title>Contacto - Renovaci\u00f3n carnet de conducir Globberyn<\/title>\n<meta name=\"robots\" content=\"noindex, follow, max-snippet:-1, max-image-preview:large, max-video-preview:-1\" \/>\n<meta property=\"og:locale\" content=\"es_ES\" \/>\n<meta property=\"og:type\" content=\"article\" \/>\n<meta property=\"og:title\" content=\"Contacto - Renovaci\u00f3n carnet de conducir Globberyn\" \/>\n<meta property=\"og:description\" content=\"Contacto Env\u00edanos un mensaje Direcci\u00f3n: Calle General San Martin, 7 Bajo. 46004 (Valencia) Tel\u00e9fonos: 96 322 05 81 \u2013 697 417 657 Email: globberyn@globberyn.es\" \/>\n<meta property=\"og:url\" content=\"https:\/\/renovacion-carnet-conducir.globberyn.es\/?page_id=12\" \/>\n<meta property=\"og:site_name\" content=\"Renovaci\u00f3n carnet de conducir Globberyn\" \/>\n<meta property=\"article:modified_time\" content=\"2022-06-17T08:20:52+00:00\" \/>\n<meta property=\"og:image\" content=\"https:\/\/renovacion-carnet-conducir.globberyn.es\/wp-content\/uploads\/2019\/12\/15-1024x1024.jpg\" \/>\n<meta name=\"twitter:card\" content=\"summary_large_image\" \/>\n<meta name=\"twitter:label1\" content=\"Tiempo de lectura\" \/>\n\t<meta name=\"twitter:data1\" content=\"1 minuto\" \/>\n<script type=\"application\/ld+json\" class=\"yoast-schema-graph\">{\"@context\":\"https:\/\/schema.org\",\"@graph\":[{\"@type\":\"WebPage\",\"@id\":\"https:\/\/renovacion-carnet-conducir.globberyn.es\/?page_id=12\",\"url\":\"https:\/\/renovacion-carnet-conducir.globberyn.es\/?page_id=12\",\"name\":\"Contacto - Renovaci\u00f3n carnet de conducir Globberyn\",\"isPartOf\":{\"@id\":\"https:\/\/renovacion-carnet-conducir.globberyn.es\/#website\"},\"datePublished\":\"2019-12-13T02:26:47+00:00\",\"dateModified\":\"2022-06-17T08:20:52+00:00\",\"breadcrumb\":{\"@id\":\"https:\/\/renovacion-carnet-conducir.globberyn.es\/?page_id=12#breadcrumb\"},\"inLanguage\":\"es\",\"potentialAction\":[{\"@type\":\"ReadAction\",\"target\":[\"https:\/\/renovacion-carnet-conducir.globberyn.es\/?page_id=12\"]}]},{\"@type\":\"BreadcrumbList\",\"@id\":\"https:\/\/renovacion-carnet-conducir.globberyn.es\/?page_id=12#breadcrumb\",\"itemListElement\":[{\"@type\":\"ListItem\",\"position\":1,\"name\":\"Portada\",\"item\":\"https:\/\/renovacion-carnet-conducir.globberyn.es\/\"},{\"@type\":\"ListItem\",\"position\":2,\"name\":\"Contacto\"}]},{\"@type\":\"WebSite\",\"@id\":\"https:\/\/renovacion-carnet-conducir.globberyn.es\/#website\",\"url\":\"https:\/\/renovacion-carnet-conducir.globberyn.es\/\",\"name\":\"Renovaci\u00f3n carnet de conducir Globberyn\",\"description\":\"Tramitamos al momento\",\"potentialAction\":[{\"@type\":\"SearchAction\",\"target\":{\"@type\":\"EntryPoint\",\"urlTemplate\":\"https:\/\/renovacion-carnet-conducir.globberyn.es\/?s={search_term_string}\"},\"query-input\":\"required name=search_term_string\"}],\"inLanguage\":\"es\"}]}<\/script>\n<!-- \/ Yoast SEO plugin. -->","yoast_head_json":{"title":"Contacto - Renovaci\u00f3n carnet de conducir Globberyn","robots":{"index":"noindex","follow":"follow","max-snippet":"max-snippet:-1","max-image-preview":"max-image-preview:large","max-video-preview":"max-video-preview:-1"},"og_locale":"es_ES","og_type":"article","og_title":"Contacto - Renovaci\u00f3n carnet de conducir Globberyn","og_description":"Contacto Env\u00edanos un mensaje Direcci\u00f3n: Calle General San Martin, 7 Bajo. 46004 (Valencia) Tel\u00e9fonos: 96 322 05 81 \u2013 697 417 657 Email: globberyn@globberyn.es","og_url":"https:\/\/renovacion-carnet-conducir.globberyn.es\/?page_id=12","og_site_name":"Renovaci\u00f3n carnet de conducir Globberyn","article_modified_time":"2022-06-17T08:20:52+00:00","og_image":[{"url":"https:\/\/renovacion-carnet-conducir.globberyn.es\/wp-content\/uploads\/2019\/12\/15-1024x1024.jpg"}],"twitter_card":"summary_large_image","twitter_misc":{"Tiempo de lectura":"1 minuto"},"schema":{"@context":"https:\/\/schema.org","@graph":[{"@type":"WebPage","@id":"https:\/\/renovacion-carnet-conducir.globberyn.es\/?page_id=12","url":"https:\/\/renovacion-carnet-conducir.globberyn.es\/?page_id=12","name":"Contacto - Renovaci\u00f3n carnet de conducir Globberyn","isPartOf":{"@id":"https:\/\/renovacion-carnet-conducir.globberyn.es\/#website"},"datePublished":"2019-12-13T02:26:47+00:00","dateModified":"2022-06-17T08:20:52+00:00","breadcrumb":{"@id":"https:\/\/renovacion-carnet-conducir.globberyn.es\/?page_id=12#breadcrumb"},"inLanguage":"es","potentialAction":[{"@type":"ReadAction","target":["https:\/\/renovacion-carnet-conducir.globberyn.es\/?page_id=12"]}]},{"@type":"BreadcrumbList","@id":"https:\/\/renovacion-carnet-conducir.globberyn.es\/?page_id=12#breadcrumb","itemListElement":[{"@type":"ListItem","position":1,"name":"Portada","item":"https:\/\/renovacion-carnet-conducir.globberyn.es\/"},{"@type":"ListItem","position":2,"name":"Contacto"}]},{"@type":"WebSite","@id":"https:\/\/renovacion-carnet-conducir.globberyn.es\/#website","url":"https:\/\/renovacion-carnet-conducir.globberyn.es\/","name":"Renovaci\u00f3n carnet de conducir Globberyn","description":"Tramitamos al momento","potentialAction":[{"@type":"SearchAction","target":{"@type":"EntryPoint","urlTemplate":"https:\/\/renovacion-carnet-conducir.globberyn.es\/?s={search_term_string}"},"query-input":"required name=search_term_string"}],"inLanguage":"es"}]}},"_links":{"self":[{"href":"https:\/\/renovacion-carnet-conducir.globberyn.es\/index.php?rest_route=\/wp\/v2\/pages\/12","targetHints":{"allow":["GET"]}}],"collection":[{"href":"https:\/\/renovacion-carnet-conducir.globberyn.es\/index.php?rest_route=\/wp\/v2\/pages"}],"about":[{"href":"https:\/\/renovacion-carnet-conducir.globberyn.es\/index.php?rest_route=\/wp\/v2\/types\/page"}],"author":[{"embeddable":true,"href":"https:\/\/renovacion-carnet-conducir.globberyn.es\/index.php?rest_route=\/wp\/v2\/users\/1"}],"replies":[{"embeddable":true,"href":"https:\/\/renovacion-carnet-conducir.globberyn.es\/index.php?rest_route=%2Fwp%2Fv2%2Fcomments&post=12"}],"version-history":[{"count":13,"href":"https:\/\/renovacion-carnet-conducir.globberyn.es\/index.php?rest_route=\/wp\/v2\/pages\/12\/revisions"}],"predecessor-version":[{"id":420,"href":"https:\/\/renovacion-carnet-conducir.globberyn.es\/index.php?rest_route=\/wp\/v2\/pages\/12\/revisions\/420"}],"wp:attachment":[{"href":"https:\/\/renovacion-carnet-conducir.globberyn.es\/index.php?rest_route=%2Fwp%2Fv2%2Fmedia&parent=12"}],"curies":[{"name":"wp","href":"https:\/\/api.w.org\/{rel}","templated":true}]}}